 23?
23
Suppose 67 = -5*a + 162. Let t = 49 + -11. What is the highest common factor of t and a?
19
Suppose -12 = -4*f - 0. Suppose -2*t - 17 = -23. Suppose -2*l + 56 = t*w - 17, -w + 5*l - 4 = 0. What is the highest common divisor of w and f?
3
Let z = 384 + -368. Calculate the highest common divisor of z and 16.
16
Let x(q) = 5*q - 8*q - 10*q - 1 - 4*q. Let h be x(-1). Let b(k) = 3*k**2 - 22*k + 8. Let a be b(12). What is the greatest common factor of h and a?
16
Suppose 0*t + 4*t = 68. Let u be t/2 + 6/(-4). Let y be -1 - (-5 - -2 - -1). Calculate the highest common divisor of u and y.
1
Suppose 0 = 2*g - 163 - 75. Calculate the greatest common factor of g and 28.
7
Suppose 4*q = 4*k - 3*k - 102, -2*k = -3*q - 189. Calculate the highest common divisor of k and 45.
45
Let z be 1 - (0/2 + -79). Let o be (2 - 1)*12 - (-4 - -6). What is the greatest common divisor of o and z?
10
Let q be (-1 + (-1)/(-3))/(8/(-696)). Let z = 93 - q. Calculate the highest common factor of z and 385.
35
Suppose 0 = -2*a - 3*w + 348, w + 682 = a + 3*a. Suppose 0 = -2*g + 11 - 25. Let r be -2 - (g*9)/3. Calculate the highest common divisor of a and r.
19
Let d(o) = 1 + 3 + 3*o - 51*o**2 + o**3 + 60*o**2 + 3*o. Let s be d(-8). What is the highest common divisor of s and 5?
5
Suppose 185*k = 184*k + 4. Let j = 8 + -5. Suppose -j*o = -6*o + 48. What is the highest common factor of k and o?
4
Let p(t) = t - 6. Let s be p(9). Suppose -4*n + 412 = s*v, -n + 715 = 2*v + 3*v. What is the highest common factor of v and 36?
36
Let u be (-2 + -1465)/(5 + (-69)/12). Calculate the greatest common divisor of 12 and u.
12
Let k(g) = -g**3 - 18*g**2 - 19*g - 11. Let j be k(-17). Let y = 967 + -323. Suppose -a - y = -5*a. Calculate the greatest common divisor of j and a.
23
Let j be (7 - 0 - 2)/1. Calculate the highest common divisor of j and 365.
5
Suppose 5*a - 26 = 164. Suppose -2270 = 30*v - 14810. What is the highest common divisor of v and a?
38
Let d(x) = x**3 + 23*x**2 + 57*x + 42. Let f be d(-20). What is the highest common divisor of 51 and f?
51
Let g(z) = z**2 - 3*z + 2. Let w be g(-6). Let p = w + -48. What is the greatest common factor of 56 and p?
8
Let x be (4/(-6))/(92/(-47334)). What is the greatest common divisor of x and 7?
7
Suppose 0 = 16*g - 1071 - 801. Calculate the highest common factor of g and 26.
13
Let b(z) = -8*z + 287. Let d be b(34). What is the highest common factor of d and 27?
3
Suppose 4*v - 151 = -19. Let s be -11 + 50 + (-90)/15. Calculate the greatest common divisor of s and v.
33
Let w = -21 + 6. Suppose 345 = 24*j - 21*j. Let n = j - w. Calculate the greatest common divisor of n and 13.
13
Let l = -487 + 532. Calculate the highest common divisor of 25 and l.
5
Suppose 13*n = 6786 - 2106. What is the highest common divisor of n and 10?
10
Let b be 4226/16 - 48/384. Calculate the greatest common divisor of b and 198.
66
Let c be 1 - (1 + -5) - -3. What is the greatest common divisor of 24 and c?
8
Suppose -39 = 3*o - 117. Suppose a - 34 = c + 49, 0 = a - 4*c - 98. What is the highest common divisor of a and o?
26
Suppose 47 - 7 = 2*w + 2*t, -9 = -3*t. What is the greatest common factor of w and 425?
17
Let l(g) = g**2 + 14*g - 43. Let o = -108 + 91. Let b be l(o). What is the greatest common factor of b and 104?
8
Let m(v) = -85*v + 868. Let c be m(10). Calculate the greatest common divisor of 801 and c.
9
Let x(w) = 3*w**2 - 12*w - 88. Let g be x(-8). What is the highest common factor of g and 20?
20
Suppose 5*h = -c + 60, 7*h - 96 = -2*c + 9*h. Let o be 6/(-1 + -2) + 12. Calculate the greatest common divisor of c and o.
10
Let t = 4 - 1. Let g = 42 + -37. Suppose -2*z + 108 = 5*n - 5, -g*n - 4*z + 121 = 0. What is the greatest common factor of n and t?
3
Let m be (300/(-14))/(9 - 4040/448). Calculate the highest common factor of 15 and m.
15
Suppose 140 = 12*s - 2*s. Let u(r) = 2 + 5*r - r - 13*r - 11*r. Let n be u(-2). What is the greatest common factor of n and s?
14
Let y = -24 - -35. Suppose -4*m = 3 - y. What is the greatest common divisor of m and 5?
1
Let w = 49 + 24. Let r = -71 + w. Calculate the greatest common factor of r and 2.
2
Suppose -2*o = 2*o - 36. Let t = 2 - 4. Let r be (-8 - -5)*(-2 - -3)*t. What is the highest common factor of o and r?
3
Let x be (5 - 47)/(6/(-4)). Suppose -2*d + 0 + 28 = 0. What is the highest common factor of d and x?
14
Let u = -52 + 55. Suppose -5*z = 5*g - 120, 4*z - 44 = -3*g + 28. Calculate the highest common factor of u and g.
3
Suppose h + 2*h = -2*j + 190, 0 = -4*h - 2*j + 250. Let o be (56/5)/(12/h). What is the highest common factor of 14 and o?
14
Let f be (-54)/(-10) + (-4)/10. Suppose f*g = 30 + 290. Suppose 43 = 4*t - 21. What is the greatest common factor of t and g?
16
Let h = -315 + 326. What is the highest common divisor of h and 869?
11
Let w be (19228/12 - 3) + (-2)/(-3). Calculate the greatest common factor of 64 and w.
64
Suppose 9*g + 26 = 10*g. Let m = -26 + g. Suppose m = 44*b - 48*b + 384. What is the highest common factor of 16 and b?
16
Let p(u) = -12 + 0*u**2 - u**3 + 11*u**2 - 33*u + 34*u. Let x be p(11). Let w = x + 25. Calculate the greatest common factor of 16 and w.
8
Let i(l) = 21*l - 91. Let o be i(5). Calculate the highest common divisor of 28 and o.
14
Let q(m) = -m**2 + 5*m + 1. Let p be q(5). Suppose -13 + p = -4*g + h, -3*g + 3*h = 0. Calculate the greatest common divisor of 1 and g.
1
Let x be 0 - 6/15 - 156/(-15). What is the greatest common factor of 150 and x?
10
Let u(i) = i**3 + 11*i**2 + 21*i + 27. Let p be u(-8). What is the greatest common factor of 68 and p?
17
Suppose 2*m = -5*d - 136, 4*d + 0*m + 95 = 3*m. Let f = 68 + d. Let t(n) = n**3 + n**2 - 5*n + 7. Let c be t(3). What is the greatest common factor of f and c?
14
Let w(b) = b**2 - 23*b + 13. Let q be w(12). Let k = q + 121. What is the highest common divisor of k and 4?
2
Let j = 526 - 10. What is the greatest common factor of 12 and j?
12
Let v(m) = 11*m**2 - 14*m - 14. Let g be v(-7). Calculate the greatest common factor of 7 and g.
7
Let q be (1/2)/((-4)/8). Let k be 2 + (-12)/(-10) + q/5. What is the greatest common factor of k and 21?
3
Suppose 20 = 2*v + x, 2*v + 2*x - 19 = -3. Let k be (0 - 2/(-3))*-3. Let t be k/3 + (-762)/(-9). What is the greatest common factor of v and t?
12
Let v be 3/(-18)*-3 - 1053/(-54). Let c be -3*((-40)/(-3))/(-5). What is the highest common factor of v and c?
4
Suppose 13*j - 5*j + 472 = 0. Let c = -57 - j. Calculate the highest common divisor of 4 and c.
2
Let l(i) = 25*i + 195. Let r be l(-4). Calculate the highest common factor of r and 38.
19
Let k = -261 - -471. Let g(p) = 2*p**2 + 7*p - 1. Let u be g(-5). What is the highest common factor of k and u?
14
Let s be -11 + 12 - 1*-59. Suppose c = 5*z - z - 101, -2*c = -z + 34. What is the highest common divisor of z and s?
12
Let o be (-1908)/(-8) + (-2)/4. Let u(p) = -p**2 - 27*p - 16. Let f be u(-25). Calculate the highest common divisor of f and o.
34
Let p(n) = 3*n - 14. Suppose 0 = -7*g + 31 + 11. Let a be p(g). Calculate the highest common divisor of 36 and a.
4
Let m = -130 + 144. Let y(j) = 4*j**2 - 2*j + 2. Let s be y(-5). What is the highest common factor of m and s?
14
Suppose 29 = 2*y - 61. Let m = 75 - 143. Let k = 98 + m. Calculate the highest common factor of k and y.
15
Let x(a) = -14*a + 8. Let t be x(-1). What is the highest common factor of 66 and t?
22
Let n = -2249 + 2366. Let b be 78/8*(0 - -4). What is the greatest common divisor of b and n?
39
Suppose -3*a = -154 + 28. Let b = 911 - 743. What is the greatest common factor of b and a?
42
Let y be 3 - ((-12)/24)/(1/284). What is the highest common divisor of 290 and y?
145
Let d = -4 + 7. Suppose 0*v + d*v = -4*f + 197, -2*v - 2 = 0. Let g be (10/15 - 4)*(1 - 7). Calculate the greatest common divisor of g and f.
10
Let l be (12/(-10))/(9/(-150)). Let p(b) = -b**2 - 30*b + 44. Let r be p(-8). Calculate the highest common divisor of l and r.
20
Let r be 45/3 + (-204)/34. What is the highest common divisor of r and 17?
1
Let o be (-2 + -18)*(2 + -8). Suppose -4*l + 70 + 102 = 0. Suppose v - 3*g = l, 3*v - 48 - o = -4*g. What is the highest common divisor of v and 26?
26
Suppose -3*b + 80 = 4*y, -3*b + b - y + 45 = 0. Calculate the gre